, -1058 = -5*a - 4*w - 121. What are the prime factors of a?
3, 7
Let v = 241 - 95. Let t = v - 125. What are the prime factors of (-6)/t + (-316)/(-28)?
11
Suppose 84*n = 70*n + 70322. List the prime factors of n.
5023
Let r = 49810 - 27101. List the prime factors of r.
22709
Let g = 28 - -8. Suppose -2*q + 5*c + 343 = 0, 3*q - c - 521 = -0*q. Suppose 38*k = g*k + q. List the prime factors of k.
3, 29
Suppose -5*a + 3*y - 34 - 239 = 0, 0 = -5*y - 20. Let d = -39 - 61. Let t = a - d. List the prime factors of t.
43
Let g(r) = 17*r - 21. Let a be g(8). Let f = a - 110. Suppose f*m - n = 4*n + 65, 35 = 3*m - n. List the prime factors of m.
11
Let u = -5674 - -9401. What are the prime factors of u?
3727
Let x(j) = j**3 + 13*j**2 - 22*j - 6. Suppose -3*v - 4*z - 52 = 1, 3*z = 2*v + 7. List the prime factors of x(v).
2, 239
Suppose v = -3*w + 27, 3*v + w - 128 = -39. Let q = 26 - v. What are the prime factors of (3 - (1 + 4))*q?
2
Suppose 2*b = -5*f - 1300 + 7630, 4*b - 3*f - 12660 = 0. List the prime factors of b.
3, 5, 211
Suppose 0 = 2*z - 11*x - 117483, 126*z - 129*z - x = -176277. What are the prime factors of z?
2, 3, 7, 1399
Suppose -2199173 = -47*z + 886847. What are the prime factors of z?
2, 5, 7, 67
Let g = 16084 + -1492. List the prime factors of g.
2, 3, 19
Let k(m) = 0*m**3 - 2*m**3 - 1 - 3*m**2 + 3*m**3 - 3*m. Let z be k(4). Suppose 0 = -2*g + z*g - 55. What are the prime factors of g?
5, 11
Let q(s) = -s**3 - 12*s**2 + 19*s - 23. Let o be (-14)/8*(-5 - (0 - 1)). Suppose -8*p + o*p = 14. What are the prime factors of q(p)?
103
Let l be ((-358)/3)/((-680)/75 + 9). List the prime factors of ((l/4)/(7/28))/2.
5, 179
Let t(m) = -m**2 + 10*m - 25. Let c be t(5). Suppose 5*p + 14*p - 4636 = c. What are the prime factors of p?
2, 61
Let k = 152 - 135. Suppose 0 = -k*n + 22*n. Suppose n = -4*f + 6*f - 368. List the prime factors of f.
2, 23
List the prime factors of (3 - -59)*(7 + -12 + 170).
2, 3, 5, 11, 31
Let x = -2 + -3. Let r(d) = -31*d**2 + 9*d - 74. Let q(c) = 6*c**2 - 2*c + 15. Let v(k) = 11*q(k) + 2*r(k). What are the prime factors of v(x)?
137
Let r = -366 + 369. Let d(p) = 259*p - 5. What are the prime factors of d(r)?
2, 193
Let a(v) = -v**3 + 35*v**2 - 32*v - 71. Let z be a(34). Let b(x) = -x + 20. What are the prime factors of b(z)?
23
Suppose -17*o + 3*v = -11*o - 65199, 3*v - 21737 = -2*o. What are the prime factors of o?
10867
Let p(t) = -t**2 + 19*t + 37. Let d be p(21). Let m be d/20 - 143/4. What are the prime factors of (-4890)/m + 2/12?
2, 17
Suppose 10*g - 204*g = -1084460. What are the prime factors of g?
2, 5, 13, 43
Let g(p) = -378*p + 7. Let v be g(-2). Let o = v + -382. What are the prime factors of o?
3, 127
Suppose 0 = -11*x + 17 + 16. Suppose -x*u - 405 = 2*o - 2055, -5*u + 3*o = -2731. What are the prime factors of u?
2, 137
Let d = 996 - 987. Suppose -5*q - 6965 = -5*a, 3*q - 1377 = -10*a + d*a. List the prime factors of a.
3, 463
Let f(w) = 48*w + 36. Let g = 27 + -11. What are the prime factors of f(g)?
2, 3, 67
Let z(l) = 24*l**3 + l**2 + 47*l + 38. List the prime factors of z(7).
2, 23, 47
Suppose 3*q + 102774 - 22664 = 2*p, -3*q + 80086 = 2*p. What are the prime factors of p?
29, 1381
Let j(d) = 1367*d - 141. Let r be j(13). Suppose r = -n + 11*n. List the prime factors of n.
41, 43
Let k(j) = -j**2 - 26*j - 16. Suppose 15 = -f + 3. What are the prime factors of k(f)?
2, 19
Suppose -361*x + 2*f = -359*x - 13054, 4*x - 26117 = f. What are the prime factors of x?
2, 5, 653
Let x = 11626 + -2547. What are the prime factors of x?
7, 1297
Suppose 5*d = 2*x + 30, -x - 7*d - 28 = -3*d. Let b be 56*4/(x/5). Let i = 101 + b. What are the prime factors of i?
3, 5
What are the prime factors of (-6315752)/(-222) + (-7)/21?
3, 29, 109
Let r = 28 + -20. Suppose -5*h + r = -h. Suppose 3*c = -4*j + 60, -h*c = j + c - 24. What are the prime factors of j?
2, 3
Suppose -393*i = -411*i + 317394. What are the prime factors of i?
7, 11, 229
Let w = -68 - -70. Suppose 4 = -2*q + 4*f, 5*f - 3*f = -w*q + 20. Suppose b - 445 = -2*n, -q*n + 9*n = 3*b + 654. What are the prime factors of n?
13, 17
Suppose b + 34294 = s - 3*b, 4*s = -2*b + 137212. List the prime factors of s.
2, 3, 5717
Let u be ((-3255)/3 + 7/21)*-3. Let q = u + -2320. List the prime factors of q.
2, 467
Let g = 73 + -70. Suppose -26 = 2*s - 2*z, 4*s + g*z + 27 = 2*z. List the prime factors of (-23)/(-1) + (-16)/s.
5
Suppose 4*d = -4*l + 3*d + 91198, -l = -4*d - 22774. What are the prime factors of l?
2, 11399
Suppose 0 = 109*k - 115*k + 798. Let d = -37 + k. List the prime factors of d.
2, 3
Let u be 843465/525 - (-2)/5*1. Let m = u - 955. List the prime factors of m.
2, 163
Suppose -829*q - 12 = -830*q. Suppose -6216 = -q*a + 4116. List the prime factors of a.
3, 7, 41
Let v = -168 + 168. Suppose 37*a - 31*a - 2508 = v. What are the prime factors of a?
2, 11, 19
Let w(j) = 13*j**2 - 72*j + 212. List the prime factors of w(18).
2, 17, 23
Suppose 0 = 4*g + 6597 - 1965. Let q = -481 - g. List the prime factors of q.
677
Let s(a) = 1022*a**2 + 113*a + 336. What are the prime factors of s(-3)?
3, 5, 613
Let u(l) = 47*l**2 - 142*l + 44. List the prime factors of u(26).
2, 79, 89
Let g(k) = 81*k + 381. Let n be g(-34). What are the prime factors of 4*(-4)/(-48) - n/9?
2, 3, 11
Suppose 6*n - 51855 + 13131 = 0. List the prime factors of n.
2, 7, 461
Let j(u) = -3*u - 3. Let w be j(-2). Let q(y) = 46*y - 17. Let r(o) = 24*o - 9. Let m(c) = 3*q(c) - 5*r(c). What are the prime factors of m(w)?
2, 3
What are the prime factors of (1 + -2)*(2/(-4) + (-480777)/34)?
79, 179
Let c be ((-14)/(-7))/(1/2). Suppose 5*o - 298 = 7. Suppose -n + 2*h + 15 = h, -c*n + 5*h + o = 0. What are the prime factors of n?
2, 7
Suppose -2*f - t - 3*t + 18 = 0, 5*f - 23 = t. Suppose -g - 3*g + 7115 = -f*b, -2*b + 7122 = 4*g. List the prime factors of g.
2, 5, 89
Suppose 155*f - 76*f - 20317 = 1894011. What are the prime factors of f?
2, 13, 233
Let m be ((-183)/6)/((-17)/68). Suppose 0 = -121*b + m*b - 989. What are the prime factors of b?
23, 43
Let k be 4/26 - ((-205)/(-65) - 4). List the prime factors of (745 - (-14 + 7)) + k.
3, 251
Suppose -16*d + 66877 = 4*z - 19*d, d = -z + 16721. What are the prime factors of z?
2, 5, 11, 19
Let h(j) = -44*j + 422. List the prime factors of h(-28).
2, 827
Let o be (-1)/((-5)/(6600 - 5)). Let v = o + -715. Suppose -v = -4*p - 4*l, 4*p - 4*l = 304 + 260. What are the prime factors of p?
2, 73
Suppose 3*g - 255291 + 35947 = -p, g - 4*p - 73132 = 0. Suppose 19*a - g = a. Suppose -16*r = 446 - a. What are the prime factors of r?
2, 113
Let z be (18/(-12))/((-12)/40). Suppose 0 = -z*x + r + 555, -r = x - 6*r - 135. List the prime factors of x.
2, 5, 11
Let h(i) = -663*i**3 + 1. Let p be h(-1). Let m = p + 0. What are the prime factors of m?
2, 83
Suppose -90*m - 46*m + 2953920 = 0. List the prime factors of m.
2, 3, 5, 181
Let i be ((-2)/(-6))/(15/720). Let j(k) = k**3 + 7*k**2 - 9*k - 5. Let v be j(-8). Suppose -v*b + 48 = -a, -b - a + i = 3*a. What are the prime factors of b?
2
Let p(w) = 2*w**2 + 18*w + 43. Let r be p(19). Let n = -735 + r. What are the prime factors of n?
2, 3, 31
Let i = -62 + 62. Let z be 4 - (i - -5*2). List the prime factors of 0 + (-4)/z*15.
2, 5
Suppose 8290 = 13*y - 106368 - 52964. List the prime factors of y.
2, 3, 7, 307
Let o = -959 - -1455. Suppose 47*z - 49*z = -o. What are the prime factors of z?
2, 31
What are the prime factors of ((-7 + 17)*-666)/(9/(-24))?
2, 3, 5, 37
Let u be ((-18)/12)/(3/(-6)). Let a be (u/12 + (-2)/8)/2. Suppose q + 3*r = 136, a*q + r - 610 = -5*q. What are the prime factors of q?
11
Let r = 16 + 6. Suppose z + z - 2*w = r, -5*w = 2*z + 13. What are the prime factors of z?
2, 3
Let g(d) = -2*d. Let j(s) = -s + 4. Let u(a) = -5*g(a) - j(a). Let o(x) = x - 6. Let k be o(9). List the prime factors of u(k).
29
Let i(h) = 224*h**3 + h**2 - 1. Let z be i(2). Let j = z + -1015. What are the prime factors of j?
2, 3, 5, 13
Let b = 30832 - 15531. What are the prime factors of b?
11, 13, 107
Let j(g) = g**3 - 7*g - 2. Let c be j(3). Suppose -n = -2*t + 522 - 36, -4*t + c*n = -980. List the prime factors of t.
241
Let k be 13 - (-1)/(5/(-20)). Let z(w) = -w**3 + 8*w**2 + 10*w - 4. Let c be z(k). What are the prime